784?
False
Is 329112 a multiple of 14?
True
Is 39 a factor of 348209?
False
Is 322 a factor of 151018?
True
Is 8643844 a multiple of 242?
False
Is 4033465 a multiple of 261?
False
Is 14846564 a multiple of 13?
False
Is 950480 a multiple of 765?
False
Is 53 a factor of 3992175?
False
Is 212555 a multiple of 122?
False
Is 3 a factor of 1328?
False
Is 1783656 a multiple of 36?
True
Does 10 divide 2830?
True
Is 13016108 a multiple of 236?
True
Is 13 a factor of 1116466?
True
Is 144 a factor of 253584?
True
Is 41 a factor of 135874?
True
Does 93 divide 99510?
True
Is 1301076 a multiple of 756?
True
Is 22659 a multiple of 39?
True
Is 134511 a multiple of 20?
False
Does 6 divide 9714?
True
Is 223632 a multiple of 72?
True
Is 966112 a multiple of 908?
True
Is 6682428 even?
True
Does 52 divide 957511?
False
Does 32 divide 1963053?
False
Does 232 divide 2173577?
False
Is 11 a factor of 4836835?
False
Does 172 divide 1908856?
True
Does 6 divide 241656?
True
Does 16 divide 7104?
True
Is 25 a factor of 693514?
False
Is 65592 a multiple of 13?
False
Does 110 divide 7414361?
False
Is 37 a factor of 16924?
False
Does 76 divide 157852?
True
Does 58 divide 1566020?
False
Does 150 divide 2871547?
False
Is 21 a factor of 2874921?
True
Does 206 divide 915342?
False
Does 12 divide 2495184?
True
Is 20359 a multiple of 6?
False
Is 80 a factor of 24480?
True
Does 247 divide 23465?
True
Is 169 a factor of 413712?
True
Does 289 divide 27166?
True
Does 7 divide 482763?
False
Does 11 divide 1488784?
True
Is 154 a factor of 18068?
False
Does 478 divide 13159367?
False
Is 404 a factor of 233916?
True
Is 7189071 a multiple of 29?
True
Is 526812 a multiple of 572?
True
Is 767520 a multiple of 720?
True
Is 1246977 a multiple of 12?
False
Does 19 divide 146665?
False
Is 16 a factor of 80814?
False
Is 54 a factor of 8234892?
True
Is 44 a factor of 26072528?
False
Is 2198337 a multiple of 67?
True
Is 7 a factor of 820184?
False
Is 6542922 a multiple of 436?
False
Does 93 divide 1120929?
True
Is 5235118 a multiple of 1248?
False
Does 44 divide 11266?
False
Is 243 a factor of 266391?
False
Is 442176 a multiple of 3?
True
Is 3 a factor of 13326?
True
Is 102 a factor of 789072?
True
Does 15 divide 334245?
True
Is 104 a factor of 1898610?
False
Is 38584 a multiple of 4?
True
Is 138469 a multiple of 10?
False
Is 262 a factor of 177082?
False
Does 55 divide 2679875?
True
Does 390 divide 1216410?
True
Is 860587 a multiple of 343?
True
Is 19 a factor of 47551?
False
Is 265515 a multiple of 171?
False
Is 179208 a multiple of 47?
False
Does 272 divide 11262477?
False
Is 3104989 a multiple of 11?
False
Is 80 a factor of 4400?
True
Is 185259 a multiple of 340?
False
Does 10 divide 275940?
True
Is 413 a factor of 829304?
True
Is 7172966 a multiple of 397?
False
Does 77 divide 87882?
False
Does 121 divide 126886?
False
Is 418625 a multiple of 197?
True
Is 122 a factor of 416142?
True
Is 12543450 a multiple of 50?
True
Does 54 divide 12160098?
True
Is 608332 a multiple of 4?
True
Does 18 divide 73782?
True
Is 19 a factor of 6264509?
True
Is 130 a factor of 76310?
True
Is 4 a factor of 39024?
True
Is 59 a factor of 1983875?
True
Is 13 a factor of 98605?
True
Does 15 divide 198840?
True
Is 69 a factor of 2746545?
True
Is 519948 a multiple of 44?
True
Does 982 divide 4361264?
False
Is 2422908 a multiple of 37?
True
Is 49 a factor of 363678?
True
Is 38 a factor of 272726?
True
Is 173005 a multiple of 360?
False
Does 188 divide 3953076?
True
Does 3 divide 38724?
True
Does 26 divide 4714880?
False
Is 164 a factor of 2554896?
False
Does 11 divide 53911?
True
Does 22 divide 111174?
False
Is 29293 a multiple of 4?
False
Is 9 a factor of 1045357?
False
Does 21 divide 890270?
False
Is 88434 a multiple of 4?
False
Is 1498 a factor of 9044101?
False
Is 37238 a multiple of 2?
True
Is 14 a factor of 707336?
True
Does 17 divide 1106887?
True
Is 24 a factor of 378768?
True
Is 579388 a multiple of 75?
False
Is 10 a factor of 212667?
False
Is 7 a factor of 770734?
False
Does 15 divide 174165?
True
Is 918968 a multiple of 486?
False
Does 102 divide 3690054?
True
Does 136 divide 189896?
False
Is 560742 a multiple of 39?
True
Does 63 divide 8708553?
True
Is 443 a factor of 159661?
False
Does 88 divide 797035?
False
Does 39 divide 41028?
True
Is 1477 a multiple of 2?
False
Is 875 a factor of 7520638?
False
Is 117200 a multiple of 265?
False
Is 208782 a multiple of 68?
False
Is 88881 even?
False
Is 332614 a multiple of 184?
False
Is 91 a factor of 7893431?
True
Does 7 divide 969360?
True
Does 25 divide 16273775?
True
Does 19 divide 230101?
False
Is 21362670 a multiple of 890?
True
Is 1557578 a multiple of 853?
True
Does 192 divide 6748869?
False
Does 199 divide 100893?
True
Is 72435 a multiple of 12?
False
Does 40 divide 1099930?
False
Does 57 divide 26170106?
False
Is 376496 a multiple of 99?
False
Is 5256010 a multiple of 470?
True
Is 58 a factor of 1000559?
False
Is 75848 a multiple of 335?
False
Is 1460 a factor of 4137640?
True
Is 468671 a multiple of 161?
True
Does 14 divide 12137832?
True
Does 92 divide 60369?
False
Is 139 a factor of 598946?
False
Is 48 a factor of 140598?
False
Is 1123011 a multiple of 72?
False
Is 1415576 a multiple of 40?
False
Is 7043022 a multiple of 22?
False
Is 34737 a multiple of 224?
False
Is 109 a factor of 58751?
True
Is 14610 a multiple of 3?
True
Is 6 a factor of 436614?
True
Is 31 a factor of 98436?
False
Does 11 divide 7121741?
True
Is 47030175 a multiple of 15?
True
Is 7 a factor of 10805?
False
Is 362 a factor of 3960642?
True
Is 33 a factor of 1743712?
False
Does 29 divide 1620566?
False
Is 41 a factor of 478921?
True
Is 40 a factor of 7440?
True
Is 1080688 a multiple of 23?
False
Is 209657 a multiple of 56?
False
Does 484 divide 5972851?
False
Is 25 a factor of 348458?
False
Is 17 a factor of 21823812?
False
Does 274 divide 700733?
False
Is 86 a factor of 24314264?
True
Is 40 a factor of 127800?
True
Is 122272 a multiple of 8?
True
Is 11 a factor of 47747?
False
Does 254 divide 3324860?
True
Is 788 a factor of 2666001?
False
Is 95086 a multiple of 4?
False
Does 549 divide 1653113?
False
Is 32 a factor of 47328?
True
Is 770 a factor of 599830?
True
Does 51 divide 4973457?
False
Is 147170 a multiple of 10?
True
Is 37944 a multiple of 68?
True
Is 107 a factor of 237433?
True
Does 118 divide 15326?
False
Does 17 divide 211956?
True
Is 16143856 a multiple of 30?
False
Does 107 divide 140170?
True
Is 1014 a factor of 11595090?
True
Is 26 a factor of 2152821?
False
Does 5 divide 1196824?
False
Is 8 a factor of 196308?
False
Is 237600 a multiple of 275?
True
Does 6 divide 3114897?
False
Is 236424 a multiple of 24?
True
Does 14 divide 934462?
False
Is 150288 a multiple of 4?
True
Is 12480 a multiple of 26?
True
Is 133 a factor of 674842?
True
Is 141 a factor of 192606?
True
Does 113 divide 6302?
False
Is 374098 a multiple of 16?
False
Does 29 divide 41466?
False
Does 17 divide 43838?
False
Is 132 a factor of 235224?
True
Is 42 a factor of 455700?
True
Is 186 a factor of 136720?
False
Is 157 a factor of 19505523?
True
Does 98 divide 92193?
False
Is 10281800 a multiple of 101?
True
Is 1364437 a multiple of 131?
False
Is 293258 a multiple of 4?
False
Is 3221966 a multiple of 11?
True
Does 31 divide 53923?
False
Does 2 divide 83207?
False
Is 5727041 a multiple of 10?
False
Is 16044207 a multiple of 1137?
True
Is 15 a factor of 2460?
True
Is 2274127 a multiple of 89?
False
Is 8323841 a multiple of 1363?
True
Does 35 divide 217658?
False
Does 1142 divide 7430994?
True
Is 900639 a multiple of 81?
True
Does 565 divide 9268825?
True
Is 24080 a multiple of 40?
True
Is 74 a factor of 1613641?
False
Does 30 divide 6461700?
True
Is 11578216 a multiple of 8?
True
Is 174636 a multiple of 126?
True
Is 179625 a multiple of 25?
True
Does 13 divide 2578558?
False
Does 47 divide 2413967?
True
Is 444589 a multiple of 209?
False
Does 140 divide 73080?
True
Is 9 a factor of 3673836?
True
Is 1177301 a multiple of 356?
False
Does 285 divide 339720?
True
Does 71 divide 65036?
True
Does 6 divide 2077201?
False
Does 20 divide 531087?
False
Does 13 divide 274118?
True
Does 201 divide 466119?
True
Is 149 a factor of 61678?
False
Is 115 a factor of 81305?
True
Is 5808 a multiple of 121?
True
Is 1439830 a multi